t is the remainder when 7989 is divided by 637?
345
Calculate the remainder when 907473 is divided by 628.
13
What is the remainder when 122930 is divided by 61381?
168
What is the remainder when 4269353 is divided by 11?
0
What is the remainder when 20324472 is divided by 2322?
6
Calculate the remainder when 23238266 is divided by 1366956.
14
Calculate the remainder when 422265 is divided by 2478.
1005
What is the remainder when 33746623 is divided by 55?
53
Calculate the remainder when 1656843 is divided by 2553.
2499
Calculate the remainder when 144330 is divided by 8260.
3910
What is the remainder when 62606 is divided by 2436?
1706
Calculate the remainder when 2813282 is divided by 147.
143
What is the remainder when 36209881 is divided by 210?
1
What is the remainder when 113878 is divided by 3446?
160
Calculate the remainder when 4162 is divided by 82.
62
Calculate the remainder when 206098 is divided by 5284.
22
What is the remainder when 219253 is divided by 54788?
101
Calculate the remainder when 10569028 is divided by 15.
13
What is the remainder when 8633410 is divided by 10?
0
What is the remainder when 184350004 is divided by 812?
20
What is the remainder when 498848 is divided by 33242?
218
Calculate the remainder when 56536 is divided by 1881.
106
Calculate the remainder when 52937 is divided by 4036.
469
Calculate the remainder when 293832 is divided by 41931.
315
What is the remainder when 11433676 is divided by 148?
84
Calculate the remainder when 1225812 is divided by 612895.
22
Calculate the remainder when 403291 is divided by 40292.
371
Calculate the remainder when 315965 is divided by 105197.
374
What is the remainder when 25361310 is divided by 8453763?
21
What is the remainder when 393544479 is divided by 2272?
2271
Calculate the remainder when 53067 is divided by 3770.
287
What is the remainder when 25955 is divided by 841?
725
What is the remainder when 259027 is divided by 67?
5
Calculate the remainder when 20362130 is divided by 283.
280
Calculate the remainder when 60408957 is divided by 32.
29
Calculate the remainder when 3319611 is divided by 100594.
9
What is the remainder when 40125 is divided by 247?
111
What is the remainder when 36084105 is divided by 68?
41
Calculate the remainder when 496061921 is divided by 3866.
3863
What is the remainder when 73464561 is divided by 21?
9
What is the remainder when 3758299 is divided by 42228?
7
What is the remainder when 5141430 is divided by 342752?
150
What is the remainder when 269197659 is divided by 1102?
1099
What is the remainder when 415848540 is divided by 17?
14
Calculate the remainder when 1772176 is divided by 146.
28
What is the remainder when 272902 is divided by 597?
73
What is the remainder when 6669023 is divided by 190543?
18
What is the remainder when 2475188 is divided by 353597?
9
What is the remainder when 40068 is divided by 20018?
32
Calculate the remainder when 3729834 is divided by 765.
459
Calculate the remainder when 441513 is divided by 346.
17
Calculate the remainder when 4329282 is divided by 626.
492
Calculate the remainder when 52214226 is divided by 1261.
1260
Calculate the remainder when 55464003 is divided by 145.
53
What is the remainder when 2153443 is divided by 63336?
19
Calculate the remainder when 605469 is divided by 848.
845
Calculate the remainder when 884492 is divided by 147415.
2
Calculate the remainder when 3530003 is divided by 14175.
428
Calculate the remainder when 20388680 is divided by 14904.
8
Calculate the remainder when 3010851 is divided by 3010786.
65
Calculate the remainder when 847265 is divided by 141.
137
Calculate the remainder when 21998516 is divided by 23.
5
What is the remainder when 22020996 is divided by 51?
12
What is the remainder when 15123 is divided by 4744?
891
What is the remainder when 12460181 is divided by 11400?
11381
What is the remainder when 165169 is divided by 700?
669
What is the remainder when 442410 is divided by 66?
12
What is the remainder when 1604602 is divided by 1082?
1078
Calculate the remainder when 80047 is divided by 23492.
9571
Calculate the remainder when 3607524 is divided by 1247.
1200
Calculate the remainder when 1874774 is divided by 4629.
29
Calculate the remainder when 12211 is divided by 1102.
89
What is the remainder when 308739 is divided by 2111?
533
What is the remainder when 16202415 is divided by 1256?
15
Calculate the remainder when 4288314 is divided by 957.
954
Calculate the remainder when 747308 is divided by 127.
40
What is the remainder when 2023052 is divided by 259?
3
Calculate the remainder when 531187577 is divided by 1086.
1085
What is the remainder when 67868 is divided by 1317?
701
Calculate the remainder when 525663927 is divided by 11.
8
What is the remainder when 84575894 is divided by 47810?
4
Calculate the remainder when 391439 is divided by 65188.
311
Calculate the remainder when 1650046 is divided by 5893.
6
What is the remainder when 12657930 is divided by 14?
12
Calculate the remainder when 92696 is divided by 45513.
1670
Calculate the remainder when 738944 is divided by 1278.
260
What is the remainder when 4786087 is divided by 797681?
1
What is the remainder when 66666 is divided by 4602?
2238
Calculate the remainder when 2993292 is divided by 480.
12
What is the remainder when 12028497 is divided by 135?
132
Calculate the remainder when 14323849 is divided by 17.
6
What is the remainder when 22569 is divided by 13331?
9238
What is the remainder when 442820 is divided by 4140?
3980
What is the remainder when 207676 is divided by 3704?
252
Calculate the remainder when 233534 is divided by 17944.
262
Calculate the remainder when 26518302 is divided by 1657393.
14
What is the remainder when 299867 is divided by 3838?
503
What is the remainder when 14140802 is divided by 44?
38
What is the remainder when 14005995 is divided by 24024?
3
What is the remainder when 7073085 is divided by 2006?
1935
What is the remainder when 34839 is divided by 611?
12
Calculate the remainder when 68029505 is divided by 339.
2
What is the remainder when 534506759 is divided by 12?
11
Calculate the remainder when 196940 is divided by 1286.
182
Calculate the remainder when 2336104 is divided by 111241.
43
What is the remainder when 64868072 is divided by 11?
5
What is the remainder when 355777249 is divided by 2501?
2496
Calculate the remainder when 688622 is divided by 68803.
592
Calculate the remainder when 3393000 is divided by 3054.
6
What is the remainder when 76031 is divided by 6764?
1627
What is the remainder when 324666 is divided by 25?
16
What is the remainder when 1301191 is divided by 39?
34
What is the remainder when 184436 is divided by 2975?
2961
What is the remainder when 707457 is divided by 148?
17
Calculate the remainder when 8870772 is divided by 25.
22
What is the remainder when 104799 is divided by 17454?
75
Calculate the remainder when 2964857 is divided by 5.
2
Calculate the remainder when 49137963 is divided by 356.
351
What is the remainder when 366025 is divided by 70?
65
What is the remainder when 56773479 is divided by 1904?
7
Calculate the remainder when 650411 is divided by 263.
12
Calculate the remainder when 68625 is divided by 11290.
885
What is the remainder when 21989105 is divided by 110?
105
What is the remainder when 218267939 is divided by 4906?
4905
Calculate the remainder when 32651737 is divided by 42682.
7
Calculate the remainder when 173525356 is divided by 2839.
2837
What is the remainder when 1352394 is divided by 322?
316
What is the remainder when 40102803 is divided by 165032?
27
Calculate the remainder when 15620392 is divided by 219.
217
Calculate the remainder when 931595 is divided by 417.
17
What is the remainder when 232149 is divided by 365?
9
Calculate the remainder when 920333871 is divided by 16.
15
Calculate the remainder when 285518 is divided by 1111.
1102
What is the remainder when 1588375 is divided by 1697?
1680
What is the remainder when 343908 is divided by 171825?
258
Calculate the remainder when 4921377 is divided by 1065.
12
Calculate the remainder when 1091335 is divided by 41.
38
What is the remainder when 3345014 is divided by 1845?
29
Calculate the remainder when 21216715 is divid